 - -14) - 17?
7
-1 - (44 + 4) - ((1 - (-8 - -8)) + -8)
-42
Calculate 273 - 283 - (-3 - -7 - -23).
-37
Calculate 102 - 76 - (1 + (-2 - 27)).
54
What is -1 - (3 - 0) - (-44 + (-32 - -11))?
61
What is the value of 52 - (-7 + (-9 - (-26 - 5)))?
37
-8 + -57 + 5 + 28 + 8 + -53
-77
What is 115 + -126 + 97 - 66?
20
What is the value of -54 - (-256 - (-152 - -30))?
80
(34 - 50 - 26) + 57 + 84
99
Calculate (43 - (52 + -53 + 43)) + (2 - -125) + 3.
131
What is 3 - (-4 + (3 - 1) + -178 + 168)?
15
What is the value of 30 - (73 - (54 - 18))?
-7
Evaluate (-5 - (-2 - 12) - (26 + -24)) + -9.
-2
What is the value of 10 + (39 - 26) + (3 - (-2 - (-2 + 2)))?
28
What is -38 + (7 - (3 - 1)) + 283 + -296?
-46
What is the value of (-23 - -28) + (10 - ((-12 - (-12 + 6)) + 8))?
13
Evaluate 54 + (-2 - -3) + -12 + (46 - -17) + -61.
45
Evaluate -7 + 18 + (3 + 3 - 5) + 56 - 2.
66
What is 89 + -93 - ((5 - 6) + -55 + 0)?
52
What is (72 - -85) + -103 + 37?
91
What is 34 - -1 - ((4 - -3) + 37 - 39)?
30
2 + 94 - ((-30 - 28 - -91) + -12)
75
Evaluate (3 + -2 - 87) + (-171 - (118 + -273)).
-102
Evaluate -58 - (-70 + -54) - (-31 - 4).
101
What is (3 - (2 - 11 - (-89 + 83))) + 40?
46
What is 13 - 0 - (19 + -1 - (-278 + 297))?
14
Calculate (-2 - (10 + -1)) + -64 + -5 + 1.
-79
Evaluate (-5 - 1) + (2 - (-8 + 24) - -9).
-11
153 - 41 - 36 - 36
40
What is (4 - 98) + (-29 - -38) - 12?
-97
Calculate 5 + -18 - -7 - (-9 - (35 + 7)).
45
Evaluate -1 + 13 + -1 + (0 - 6) + -23.
-18
Evaluate -24 + 54 - 201 - -141.
-30
Calculate 105 + 2 - (-4065 - -4067).
105
What is the value of -3 - (-3 - -22) - (-1167 - -1186)?
-41
What is 0 - (-1 + (-59 - -10))?
50
0 - (4 - 3) - (6 - -1) - (-16104 + 16099)
-3
What is the value of 3 + -140 - (-14 + -7 + -17 + 22 - -11)?
-132
What is -280 + 245 - (3 - 1) - (9 - 15)?
-31
What is (-23 - -40 - 39) + 10 - -31?
19
Calculate 20 + -33 + 5 + 69 + (2 - 5).
58
Evaluate 1 + 44 + -53 + 0 + 43.
35
What is the value of -51 + (14 - -8) - (2 - -3 - 0 - -5)?
-39
13 + 0 + (94 + -188 - -63)
-18
What is the value of 99 + -119 + (-6 - -7) + -5?
-24
What is 7 - (8 - (-50 + 55))?
4
Calculate (0 - -5) + 1 + 1 + -23 + (1965 - 1943).
6
4 + -9 + -1 - (-10 + (124 - 168))
48
What is -142 - (-51 - (69 + -87))?
-109
What is the value of -69 + 18 + -118 - -106?
-63
Calculate 50 - (125 + (-121 - 10)).
56
Evaluate 23 + (47 - (-2 + 30) - -15).
57
Evaluate (196 - (19 - -74)) + -39.
64
Calculate -21 + 40 + -2 + 11 + 5.
33
Evaluate (-18 - (-13 + 24 + -1 - 23)) + (-9 - 2).
-16
Calculate 77 + (-4 - 2 - -2) + 10 + (139 - 149).
73
Calculate 92 + -14 + (18 - 6 - (-6 + (19 - 21))).
98
4 + -576 + 602 + 0 + -48
-18
Evaluate -15 + 6 - (26 + (-11 - (-13 + -10)) + -20).
-27
(1 - -25) + 0 - 0 - (-166 + (74 - -83))
35
What is the value of -51 + 49 - (3 + -5 - 2) - (-6 + 31)?
-23
Evaluate -30 + (37 - (-43 + 43)) - (39 + 0).
-32
What is the value of (16 - -2) + -9 + 4 + 7 + -8?
12
(14 - (119 - 16 - -41)) + 26
-104
What is the value of 72 + -140 + 68 + (-1 - -4)?
3
What is -30 - -31 - (291 + -209)?
-81
Evaluate -36 + (-3 - (-8 + 1) - ((-10 - -16) + -3)).
-35
What is -17 - -73 - (15 - (14 + 3) - -22)?
36
21 + -28 + -48 - -17
-38
Calculate 23 - ((-93 - -44) + 101).
-29
What is the value of 2 + (58 + -65 - -57)?
52
What is the value of -4 - 38 - (-46 - -32) - -8 - 3?
-23
What is the value of 24949 - 24958 - (-88 + (1 - 2))?
80
Evaluate 30 - (-64 + 167 + -4 + -7).
-62
Evaluate -58 + (-36 + 14 - -65).
-15
What is the value of 28 - -9 - (-55 + 60)?
32
(4 - 8) + -25 + (-30 - (-35 - -1))
-25
What is the value of (122 - 212) + 184 + -14?
80
91 + -5 - (1140 + -964)
-90
Calculate -351 - -360 - (5 - -7).
-3
5 + (-41 - 0) + (-56 - (-81 + 38))
-49
What is the value of 88 - ((7 - (-2 + 4)) + (-9 - (-17 + 1)))?
76
Evaluate 54 - (30 - -33) - (-1 - -4 - (46 - -8)).
42
Evaluate 100 + (-21 - 0) + (-49 - -46).
76
-48 + -1 + -422 + 471
0
Calculate 4 + -12 + (69 + 26 - 30).
57
Evaluate -21 + -2 + -67 + (7 - -38).
-45
Calculate -7 + 14 + 98 - (40 - 44 - -18).
91
Calculate (33 - (49 - 1)) + 20.
5
-20 + 13 + (23 - -11)
27
Evaluate (-4 - -3 - 4) + (52 - (5 + -25)).
67
Calculate 68 + (-218 - -62) + 155.
67
4 + 0 + 5 - (10 + -7 + (1 - 0))
5
Evaluate 7 + 6 + -6 + 25 + (39 - 38).
33
Calculate -453 + 454 - (1 + 15).
-15
Calculate (-273 - -312) + (-42 - -21).
18
36 + 0 + (-24 - -14) + 84
110
Evaluate 24 + 0 + -2 - -1 - (21 + -61 + 50).
13
What is the value of (49 - 59) + (0 - -2) + 2 + 8?
2
What is the value of -21 - -29 - ((-20 - -48) + -9)?
-11
What is -15 + 143 + (-23 + 6 + 4 - -5)?
120
Calculate -15 - (8 + -4 + -6 - (57 + (18 - 3))).
59
What is 36 - (23 + (-22 - -8 - -3))?
24
What is the value of (42 - 43) + -48 + 17?
-32
Calculate (313 - 290) + (-11 - 2) + -70.
-60
Calculate 24 - (214 + -202 + -2 + 46).
-32
What is 21 - -3 - (67 + (-23 - -29))?
-49
Calculate -108 + (-12 - -63) + 94.
37
Evaluate (-392 - -401 - (-14 + 0)) + -47.
-24
What is -3 - 3 - (14 + -40 - -45)?
-25
What is the value of 19 + 0 - (-40560 - -40441)?
138
Evaluate (-34 + -1 - 30) + 54.
-11
(5 - 0) + -2 - (-2 - 6) - -2 - -2
15
(-12 - 3) + 9 - (13 - 70)
51
-22 + 23 - 99 - (-20 - -19 - 10)
-87
Evaluate -41 + -11 + -5 + (-14 - -45).
-26
Calculate (-3 - -1) + (3426 + -3416 - (43 - (1 + -2))).
-36
What is -43 - (-16 - (-14 + 12 - 0))?
-29
What is -29 - ((90 + -87 - (4 + 2)) + 3 + -1)?
-28
Evaluate (-9 + 2 - (15 + -3) - -11) + -13.
-21
Evaluate 0 - ((-18 - (-11 + 30)) + 153).
-116
Evaluate 12 + (-3 + -8 + 1 + 26 - 10).
18
Calculate -9 - (-12 - -42) - -5.
-34
49 + (-7 - (-23 + 18 + 8))
39
What is the value of 24 - (0 - -1) - (18 - (51 + -2 - 33))?
21
Evaluate 19 + (-22 - (2 - 13)) - -5.
13
What is the value of 22 + -1 - (101 + -91 + (-24 - (0 + -4)))?
31
Calculate -11 + 5 - (-5 + (-8 - -8)).
-1
-67 - 0 - (-95 + -27 + 111)
-56
What is (11 - 0) + (-1316 - -1320) - -43?
58
-95 + 30 + (107 - 68)
-26
What is (-17 - 11) + -39 + 26 + -2 + -1 + 7?
-37
(-3 + 5 - -83) + (2 - (-19 + 43 + -30))
93
What is -29 + (-22 - (-27 + -31)) + -25 + -1?
-19
What is the value of -2 - -91 - (-766 + 810)?
45
Calculate 13999 - 13988 - (0 + 2 - 86).
95
Calculate -21 + (32 - (-14 + 5 - -69)).
-49
What is the value of -37 - (-104 + (-34 - -80))?
21
What is -21 + 122 - (-191 + 199 + (-8 - -1))?
100
What is -30 + 85 + -101 - -1?
-45
Evaluate -20 + 31 - (-4 + -12 - -7 - -29).
-9
35 - (-25 + -21 - -17) - -7
71
14 + (-21 - (7 - 46)) + -30
2
Evaluate -3 + (-6 - -2) + (19 - (-42 - -42)).
12
1 - (-16 + 0) - -18
35
(-44 + -47 - -39) + (2 - 2)
-52
-85 - (11 + -11 - (51 - 47))
-81
What is the value of 73 + 19 + 0 + -23?
69
What is the value of (0 - (47 + -17 + 12 + -14)) + (0 - 6)?
-34
What is -3 - -4 - -16 - (33 - 23)?
7
Calculate -51 + -4 + 29 + 8 + -12.
-30
Evaluate (-57 - -12) + 3 + (1 - (0 - 3) - 4).
-42
Evaluate 30 - (-21 + 39) - 11.
1
What is 9 - (-30 - 35 - -21)?
53
(6 - (-14 - (-19 - -16))) + (-38 - 2)
-23
0 + 9 + -5 + -16 - (-19 + 5 + 60)
-58
Evaluate (-1 - (-9 + -4 + -3 + (8 - 2))) + -14.
-5
Evaluate (-12 - -2 - 2 - -4) + 62 + -9.
45
-57 + -40 + -45 + 176
34
(7 - (-13 + 11 + 32)) + -3 + 11
-15
25 - 1 - (60 + (-62 - -18))
8
45 + 73 + 44 + -197
-35
What is (-3 + 5 - -1) + -14 + (236 - 256)?
-31
What is the value of -16 - (2 + -14 + 24)?
-28
What is the value of (0 + -1 - 95) + -65 + 47 + -27 + 55?
-86
Calculate -31 + 27 + 27 - (2 - -3 - -113).
-95
What is the value of 37 + 31 + (16 - -17) + -30?
71
What is the value of -54 - (-46 + (3 - 10)) - (-1 - 37)?
37
Evaluate -29 + -56 - -88 - -90.
93
What is 250 + -255 + (4 + 1 + -1 - 0) + 2?
1
Evaluate -4 - (4 - -32) - (21 - 43).
-18
Calculate 5 + -46 + (-6 - ((-1 - -1) + 49 + -64)).
-32
What is the value of -158 + 0 - (-68 + (17 - -41)) - -15?
-133
Calculate (-27919 - -27888) + 107 + (-1 - 0).
75
Calculate 30 + -28 + 11 - -8.
21
-3 - 8 - ((-16 - 0) + (-19 - -31 - 6))
-1
Evaluate -5 + 22 + (-7 - -3) + (-97 - -14).
-70
Calculate (3 - (-1 - -2)) + 9 + -24 - (-2029 - -1941).
75
Calculate 178 + -11 - (-25 - -115).
77
Evaluate 268 + -249 + -24 + 3.
-2
What is (11 - -3) + -103 + (21 - (6 + -19 - -18))?
-73
What is the value of (5 - -2) + -2 - (10 - (-12 + 21))?
4
What is -62 + 65 + -11 + -1?
-9
(-175 - -25) + 629 + -613
-134
What is -1 - -8 - (-214 + 185) - (3 - 9 - 1)?
43
What is the value of -3731 + 3735 + (-2 - -4) + -37?
-31
What is -8 + (-6 - -1) - -17 - -18?
22
What is th